{"id":3088,"date":"2023-08-11T20:44:14","date_gmt":"2023-08-11T20:44:14","guid":{"rendered":"https:\/\/becsil.com\/?post_type=product&#038;p=3088"},"modified":"2023-08-13T21:37:05","modified_gmt":"2023-08-13T21:37:05","slug":"photo-session-single","status":"publish","type":"product","link":"https:\/\/becsil.com\/es\/producto\/photo-session-single\/","title":{"rendered":"Sesi\u00f3n de fotos Individual"},"content":{"rendered":"<p>&#8220;Hello! I&#8217;m Carlos <strong>Bec<\/strong>erra <strong>Sil<\/strong>va: <strong>Becsil<\/strong>, a passionate professional photographer and advertising specialist. I&#8217;ve had the privilege of teaching photography over 5000 students and capturing special moments at weddings, events, and advertising shoots. If you&#8217;re looking for a unique and creative photography experience, I&#8217;m here to help immortalize those special moments. I&#8217;m also a skilled drone pilot, creating captivating aerial videos. Let me capture your essence through my lens and create memories that will last a lifetime! Contact me for a personalized session and discover the art in every image. Looking forward to meeting you soon!&#8221;<\/p>","protected":false},"excerpt":{"rendered":"<p class=\"translation-block\">Sesi\u00f3n de fotos Individual $210 Incluye: 1 hora de foto sesi\u00f3n. 14 a 21 fotografias con retoque digital b\u00e1sico. 2 impresiones de 8 x 10 pulgadas Tarifa de estudio desde $90* Tiempo de entrega de las fotograf\u00edas digitales de 1 a 2 semanas<\/p>\n<p>Tarifa de estudio desde $90*\u00a0<br \/>Tiempo de entrega de las fotograf\u00edas digitales de 1 a 2 semanas<\/p>","protected":false},"featured_media":3089,"comment_status":"open","ping_status":"closed","template":"","meta":{"site-sidebar-layout":"default","site-content-layout":"","ast-site-content-layout":"","site-content-style":"default","site-sidebar-style":"default","ast-global-header-display":"","ast-banner-title-visibility":"","ast-main-header-display":"","ast-hfb-above-header-display":"","ast-hfb-below-header-display":"","ast-hfb-mobile-header-display":"","site-post-title":"","ast-breadcrumbs-content":"","ast-featured-img":"","footer-sml-layout":"","theme-transparent-header-meta":"","adv-header-id-meta":"","stick-header-meta":"","header-above-stick-meta":"","header-main-stick-meta":"","header-below-stick-meta":"","astra-migrate-meta-layouts":"default","ast-page-background-enabled":"default","ast-page-background-meta":{"desktop":{"background-color":"var(--ast-global-color-4)","background-image":"","background-repeat":"repeat","background-position":"center center","background-size":"auto","background-attachment":"scroll","background-type":"","background-media":"","overlay-type":"","overlay-color":"","overlay-opacity":"","overlay-gradient":""},"tablet":{"background-color":"","background-image":"","background-repeat":"repeat","background-position":"center center","background-size":"auto","background-attachment":"scroll","background-type":"","background-media":"","overlay-type":"","overlay-color":"","overlay-opacity":"","overlay-gradient":""},"mobile":{"background-color":"","background-image":"","background-repeat":"repeat","background-position":"center center","background-size":"auto","background-attachment":"scroll","background-type":"","background-media":"","overlay-type":"","overlay-color":"","overlay-opacity":"","overlay-gradient":""}},"ast-content-background-meta":{"desktop":{"background-color":"var(--ast-global-color-5)","background-image":"","background-repeat":"repeat","background-position":"center center","background-size":"auto","background-attachment":"scroll","background-type":"","background-media":"","overlay-type":"","overlay-color":"","overlay-opacity":"","overlay-gradient":""},"tablet":{"background-color":"var(--ast-global-color-5)","background-image":"","background-repeat":"repeat","background-position":"center center","background-size":"auto","background-attachment":"scroll","background-type":"","background-media":"","overlay-type":"","overlay-color":"","overlay-opacity":"","overlay-gradient":""},"mobile":{"background-color":"var(--ast-global-color-5)","background-image":"","background-repeat":"repeat","background-position":"center center","background-size":"auto","background-attachment":"scroll","background-type":"","background-media":"","overlay-type":"","overlay-color":"","overlay-opacity":"","overlay-gradient":""}},"_joinchat":[]},"product_brand":[],"product_cat":[35],"product_tag":[],"class_list":{"0":"post-3088","1":"product","2":"type-product","3":"status-publish","4":"has-post-thumbnail","6":"product_cat-photography-services","7":"desktop-align-left","8":"tablet-align-left","9":"mobile-align-left","11":"first","12":"onbackorder","13":"sale","14":"shipping-taxable","15":"purchasable","16":"product-type-simple"},"yoast_head":"<!-- This site is optimized with the Yoast SEO plugin v27.4 - https:\/\/yoast.com\/product\/yoast-seo-wordpress\/ -->\n<title>Photo Session Single\u00ba - BECSIL PHOTOGRAPHER<\/title>\n<meta name=\"robots\" content=\"index, follow, max-snippet:-1, max-image-preview:large, max-video-preview:-1\" \/>\n<link rel=\"canonical\" href=\"https:\/\/becsil.com\/es\/producto\/photo-session-single\/\" \/>\n<meta property=\"og:locale\" content=\"es_ES\" \/>\n<meta property=\"og:type\" content=\"article\" \/>\n<meta property=\"og:title\" content=\"Photo Session Single\u00ba - BECSIL PHOTOGRAPHER\" \/>\n<meta property=\"og:description\" content=\"Simple Includes: 1 hour photo session 14 to 21 retouched digital photos 2 prints 8\u00d710 inches .Studio fee from $90*\u00a0Photos Response time 1 to 2 weeks to complete*\" \/>\n<meta property=\"og:url\" content=\"https:\/\/becsil.com\/es\/producto\/photo-session-single\/\" \/>\n<meta property=\"og:site_name\" content=\"BECSIL PHOTOGRAPHER\" \/>\n<meta property=\"article:publisher\" content=\"https:\/\/web.facebook.com\/becsilphotographer\/\" \/>\n<meta property=\"article:modified_time\" content=\"2023-08-13T21:37:05+00:00\" \/>\n<meta property=\"og:image\" content=\"https:\/\/becsil.com\/wp-content\/uploads\/2023\/08\/AIM9398-scaled.jpg\" \/>\n\t<meta property=\"og:image:width\" content=\"1696\" \/>\n\t<meta property=\"og:image:height\" content=\"2560\" \/>\n\t<meta property=\"og:image:type\" content=\"image\/jpeg\" \/>\n<meta name=\"twitter:card\" content=\"summary_large_image\" \/>\n<script type=\"application\/ld+json\" class=\"yoast-schema-graph\">{\"@context\":\"https:\\\/\\\/schema.org\",\"@graph\":[{\"@type\":\"WebPage\",\"@id\":\"https:\\\/\\\/becsil.com\\\/producto\\\/photo-session-single\\\/\",\"url\":\"https:\\\/\\\/becsil.com\\\/producto\\\/photo-session-single\\\/\",\"name\":\"Photo Session Single\u00ba - BECSIL PHOTOGRAPHER\",\"isPartOf\":{\"@id\":\"https:\\\/\\\/becsil.com\\\/#website\"},\"primaryImageOfPage\":{\"@id\":\"https:\\\/\\\/becsil.com\\\/producto\\\/photo-session-single\\\/#primaryimage\"},\"image\":{\"@id\":\"https:\\\/\\\/becsil.com\\\/producto\\\/photo-session-single\\\/#primaryimage\"},\"thumbnailUrl\":\"https:\\\/\\\/becsil.com\\\/wp-content\\\/uploads\\\/2023\\\/08\\\/AIM9398-scaled.jpg\",\"datePublished\":\"2023-08-11T20:44:14+00:00\",\"dateModified\":\"2023-08-13T21:37:05+00:00\",\"breadcrumb\":{\"@id\":\"https:\\\/\\\/becsil.com\\\/producto\\\/photo-session-single\\\/#breadcrumb\"},\"inLanguage\":\"es\",\"potentialAction\":[{\"@type\":\"ReadAction\",\"target\":[\"https:\\\/\\\/becsil.com\\\/producto\\\/photo-session-single\\\/\"]}]},{\"@type\":\"ImageObject\",\"inLanguage\":\"es\",\"@id\":\"https:\\\/\\\/becsil.com\\\/producto\\\/photo-session-single\\\/#primaryimage\",\"url\":\"https:\\\/\\\/becsil.com\\\/wp-content\\\/uploads\\\/2023\\\/08\\\/AIM9398-scaled.jpg\",\"contentUrl\":\"https:\\\/\\\/becsil.com\\\/wp-content\\\/uploads\\\/2023\\\/08\\\/AIM9398-scaled.jpg\",\"width\":1696,\"height\":2560,\"caption\":\"Portraits, Photo Session Single, becsilphotographer, professional photography\"},{\"@type\":\"BreadcrumbList\",\"@id\":\"https:\\\/\\\/becsil.com\\\/producto\\\/photo-session-single\\\/#breadcrumb\",\"itemListElement\":[{\"@type\":\"ListItem\",\"position\":1,\"name\":\"Portada\",\"item\":\"https:\\\/\\\/becsil.com\\\/\"},{\"@type\":\"ListItem\",\"position\":2,\"name\":\"Store\",\"item\":\"https:\\\/\\\/becsil.com\\\/store\\\/\"},{\"@type\":\"ListItem\",\"position\":3,\"name\":\"Photo Session Single\u00ba\"}]},{\"@type\":\"WebSite\",\"@id\":\"https:\\\/\\\/becsil.com\\\/#website\",\"url\":\"https:\\\/\\\/becsil.com\\\/\",\"name\":\"BECSIL PHOTOGRAPHER\",\"description\":\"Photography and Advertising\",\"publisher\":{\"@id\":\"https:\\\/\\\/becsil.com\\\/#organization\"},\"potentialAction\":[{\"@type\":\"SearchAction\",\"target\":{\"@type\":\"EntryPoint\",\"urlTemplate\":\"https:\\\/\\\/becsil.com\\\/?s={search_term_string}\"},\"query-input\":{\"@type\":\"PropertyValueSpecification\",\"valueRequired\":true,\"valueName\":\"search_term_string\"}}],\"inLanguage\":\"es\"},{\"@type\":\"Organization\",\"@id\":\"https:\\\/\\\/becsil.com\\\/#organization\",\"name\":\"BECSIL PHOTOGRAPHER\",\"url\":\"https:\\\/\\\/becsil.com\\\/\",\"logo\":{\"@type\":\"ImageObject\",\"inLanguage\":\"es\",\"@id\":\"https:\\\/\\\/becsil.com\\\/#\\\/schema\\\/logo\\\/image\\\/\",\"url\":\"https:\\\/\\\/becsil.com\\\/wp-content\\\/uploads\\\/2023\\\/01\\\/LOGO-BECSIL_Mesa-de-trabajo-1-copia-2.png\",\"contentUrl\":\"https:\\\/\\\/becsil.com\\\/wp-content\\\/uploads\\\/2023\\\/01\\\/LOGO-BECSIL_Mesa-de-trabajo-1-copia-2.png\",\"width\":827,\"height\":355,\"caption\":\"BECSIL PHOTOGRAPHER\"},\"image\":{\"@id\":\"https:\\\/\\\/becsil.com\\\/#\\\/schema\\\/logo\\\/image\\\/\"},\"sameAs\":[\"https:\\\/\\\/web.facebook.com\\\/becsilphotographer\\\/\",\"https:\\\/\\\/www.instagram.com\\\/becsilphotographer\\\/\"]}]}<\/script>\n<!-- \/ Yoast SEO plugin. -->","yoast_head_json":{"title":"Photo Session Single\u00ba - BECSIL PHOTOGRAPHER","robots":{"index":"index","follow":"follow","max-snippet":"max-snippet:-1","max-image-preview":"max-image-preview:large","max-video-preview":"max-video-preview:-1"},"canonical":"https:\/\/becsil.com\/es\/producto\/photo-session-single\/","og_locale":"es_ES","og_type":"article","og_title":"Photo Session Single\u00ba - BECSIL PHOTOGRAPHER","og_description":"Simple Includes: 1 hour photo session 14 to 21 retouched digital photos 2 prints 8\u00d710 inches .Studio fee from $90*\u00a0Photos Response time 1 to 2 weeks to complete*","og_url":"https:\/\/becsil.com\/es\/producto\/photo-session-single\/","og_site_name":"BECSIL PHOTOGRAPHER","article_publisher":"https:\/\/web.facebook.com\/becsilphotographer\/","article_modified_time":"2023-08-13T21:37:05+00:00","og_image":[{"width":1696,"height":2560,"url":"https:\/\/becsil.com\/wp-content\/uploads\/2023\/08\/AIM9398-scaled.jpg","type":"image\/jpeg"}],"twitter_card":"summary_large_image","schema":{"@context":"https:\/\/schema.org","@graph":[{"@type":"WebPage","@id":"https:\/\/becsil.com\/producto\/photo-session-single\/","url":"https:\/\/becsil.com\/producto\/photo-session-single\/","name":"Photo Session Single\u00ba - BECSIL PHOTOGRAPHER","isPartOf":{"@id":"https:\/\/becsil.com\/#website"},"primaryImageOfPage":{"@id":"https:\/\/becsil.com\/producto\/photo-session-single\/#primaryimage"},"image":{"@id":"https:\/\/becsil.com\/producto\/photo-session-single\/#primaryimage"},"thumbnailUrl":"https:\/\/becsil.com\/wp-content\/uploads\/2023\/08\/AIM9398-scaled.jpg","datePublished":"2023-08-11T20:44:14+00:00","dateModified":"2023-08-13T21:37:05+00:00","breadcrumb":{"@id":"https:\/\/becsil.com\/producto\/photo-session-single\/#breadcrumb"},"inLanguage":"es","potentialAction":[{"@type":"ReadAction","target":["https:\/\/becsil.com\/producto\/photo-session-single\/"]}]},{"@type":"ImageObject","inLanguage":"es","@id":"https:\/\/becsil.com\/producto\/photo-session-single\/#primaryimage","url":"https:\/\/becsil.com\/wp-content\/uploads\/2023\/08\/AIM9398-scaled.jpg","contentUrl":"https:\/\/becsil.com\/wp-content\/uploads\/2023\/08\/AIM9398-scaled.jpg","width":1696,"height":2560,"caption":"Portraits, Photo Session Single, becsilphotographer, professional photography"},{"@type":"BreadcrumbList","@id":"https:\/\/becsil.com\/producto\/photo-session-single\/#breadcrumb","itemListElement":[{"@type":"ListItem","position":1,"name":"Portada","item":"https:\/\/becsil.com\/"},{"@type":"ListItem","position":2,"name":"Store","item":"https:\/\/becsil.com\/store\/"},{"@type":"ListItem","position":3,"name":"Photo Session Single\u00ba"}]},{"@type":"WebSite","@id":"https:\/\/becsil.com\/#website","url":"https:\/\/becsil.com\/","name":"BECSIL PHOTOGRAPHER","description":"Fotograf\u00eda y Publicidad","publisher":{"@id":"https:\/\/becsil.com\/#organization"},"potentialAction":[{"@type":"SearchAction","target":{"@type":"EntryPoint","urlTemplate":"https:\/\/becsil.com\/?s={search_term_string}"},"query-input":{"@type":"PropertyValueSpecification","valueRequired":true,"valueName":"search_term_string"}}],"inLanguage":"es"},{"@type":"Organization","@id":"https:\/\/becsil.com\/#organization","name":"BECSIL PHOTOGRAPHER","url":"https:\/\/becsil.com\/","logo":{"@type":"ImageObject","inLanguage":"es","@id":"https:\/\/becsil.com\/#\/schema\/logo\/image\/","url":"https:\/\/becsil.com\/wp-content\/uploads\/2023\/01\/LOGO-BECSIL_Mesa-de-trabajo-1-copia-2.png","contentUrl":"https:\/\/becsil.com\/wp-content\/uploads\/2023\/01\/LOGO-BECSIL_Mesa-de-trabajo-1-copia-2.png","width":827,"height":355,"caption":"BECSIL PHOTOGRAPHER"},"image":{"@id":"https:\/\/becsil.com\/#\/schema\/logo\/image\/"},"sameAs":["https:\/\/web.facebook.com\/becsilphotographer\/","https:\/\/www.instagram.com\/becsilphotographer\/"]}]}},"_links":{"self":[{"href":"https:\/\/becsil.com\/es\/wp-json\/wp\/v2\/product\/3088","targetHints":{"allow":["GET"]}}],"collection":[{"href":"https:\/\/becsil.com\/es\/wp-json\/wp\/v2\/product"}],"about":[{"href":"https:\/\/becsil.com\/es\/wp-json\/wp\/v2\/types\/product"}],"replies":[{"embeddable":true,"href":"https:\/\/becsil.com\/es\/wp-json\/wp\/v2\/comments?post=3088"}],"wp:featuredmedia":[{"embeddable":true,"href":"https:\/\/becsil.com\/es\/wp-json\/wp\/v2\/media\/3089"}],"wp:attachment":[{"href":"https:\/\/becsil.com\/es\/wp-json\/wp\/v2\/media?parent=3088"}],"wp:term":[{"taxonomy":"product_brand","embeddable":true,"href":"https:\/\/becsil.com\/es\/wp-json\/wp\/v2\/product_brand?post=3088"},{"taxonomy":"product_cat","embeddable":true,"href":"https:\/\/becsil.com\/es\/wp-json\/wp\/v2\/product_cat?post=3088"},{"taxonomy":"product_tag","embeddable":true,"href":"https:\/\/becsil.com\/es\/wp-json\/wp\/v2\/product_tag?post=3088"}],"curies":[{"name":"wp","href":"https:\/\/api.w.org\/{rel}","templated":true}]}}

Sesión de fotos Individual

<p class="translation-block">Sesión de fotos Individual $210 Incluye: 1 hora de foto sesión. 14 a 21 fotografias con retoque digital básico. 2 impresiones de 8 x 10 pulgadas Tarifa de estudio desde $90* Tiempo de entrega de las fotografías digitales de 1 a 2 semanas</p>
<p>Tarifa de estudio desde $90* <br />Tiempo de entrega de las fotografías digitales de 1 a 2 semanas</p>

<!-- This site is optimized with the Yoast SEO plugin v27.4 - https://yoast.com/product/yoast-seo-wordpress/ -->
<title>Photo Session Singleº - BECSIL PHOTOGRAPHER</title>
<meta name="robots" content="index, follow, max-snippet:-1, max-image-preview:large, max-video-preview:-1" />
<link rel="canonical" href="https://becsil.com/es/producto/photo-session-single/" />
<meta property="og:locale" content="es_ES" />
<meta property="og:type" content="article" />
<meta property="og:title" content="Photo Session Singleº - BECSIL PHOTOGRAPHER" />
<meta property="og:description" content="Simple Includes: 1 hour photo session 14 to 21 retouched digital photos 2 prints 8×10 inches .Studio fee from $90* Photos Response time 1 to 2 weeks to complete*" />
<meta property="og:url" content="https://becsil.com/es/producto/photo-session-single/" />
<meta property="og:site_name" content="BECSIL PHOTOGRAPHER" />
<meta property="article:publisher" content="https://web.facebook.com/becsilphotographer/" />
<meta property="article:modified_time" content="2023-08-13T21:37:05+00:00" />
<meta property="og:image" content="https://becsil.com/wp-content/uploads/2023/08/AIM9398-scaled.jpg" />
	<meta property="og:image:width" content="1696" />
	<meta property="og:image:height" content="2560" />
	<meta property="og:image:type" content="image/jpeg" />
<meta name="twitter:card" content="summary_large_image" />
<script type="application/ld+json" class="yoast-schema-graph">{"@context":"https:\/\/schema.org","@graph":[{"@type":"WebPage","@id":"https:\/\/becsil.com\/producto\/photo-session-single\/","url":"https:\/\/becsil.com\/producto\/photo-session-single\/","name":"Photo Session Singleº - BECSIL PHOTOGRAPHER","isPartOf":{"@id":"https:\/\/becsil.com\/#website"},"primaryImageOfPage":{"@id":"https:\/\/becsil.com\/producto\/photo-session-single\/#primaryimage"},"image":{"@id":"https:\/\/becsil.com\/producto\/photo-session-single\/#primaryimage"},"thumbnailUrl":"https:\/\/becsil.com\/wp-content\/uploads\/2023\/08\/AIM9398-scaled.jpg","datePublished":"2023-08-11T20:44:14+00:00","dateModified":"2023-08-13T21:37:05+00:00","breadcrumb":{"@id":"https:\/\/becsil.com\/producto\/photo-session-single\/#breadcrumb"},"inLanguage":"es","potentialAction":[{"@type":"ReadAction","target":["https:\/\/becsil.com\/producto\/photo-session-single\/"]}]},{"@type":"ImageObject","inLanguage":"es","@id":"https:\/\/becsil.com\/producto\/photo-session-single\/#primaryimage","url":"https:\/\/becsil.com\/wp-content\/uploads\/2023\/08\/AIM9398-scaled.jpg","contentUrl":"https:\/\/becsil.com\/wp-content\/uploads\/2023\/08\/AIM9398-scaled.jpg","width":1696,"height":2560,"caption":"Portraits, Photo Session Single, becsilphotographer, professional photography"},{"@type":"BreadcrumbList","@id":"https:\/\/becsil.com\/producto\/photo-session-single\/#breadcrumb","itemListElement":[{"@type":"ListItem","position":1,"name":"Portada","item":"https:\/\/becsil.com\/"},{"@type":"ListItem","position":2,"name":"Store","item":"https:\/\/becsil.com\/store\/"},{"@type":"ListItem","position":3,"name":"Photo Session Singleº"}]},{"@type":"WebSite","@id":"https:\/\/becsil.com\/#website","url":"https:\/\/becsil.com\/","name":"BECSIL PHOTOGRAPHER","description":"Photography and Advertising","publisher":{"@id":"https:\/\/becsil.com\/#organization"},"potentialAction":[{"@type":"SearchAction","target":{"@type":"EntryPoint","urlTemplate":"https:\/\/becsil.com\/?s={search_term_string}"},"query-input":{"@type":"PropertyValueSpecification","valueRequired":true,"valueName":"search_term_string"}}],"inLanguage":"es"},{"@type":"Organization","@id":"https:\/\/becsil.com\/#organization","name":"BECSIL PHOTOGRAPHER","url":"https:\/\/becsil.com\/","logo":{"@type":"ImageObject","inLanguage":"es","@id":"https:\/\/becsil.com\/#\/schema\/logo\/image\/","url":"https:\/\/becsil.com\/wp-content\/uploads\/2023\/01\/LOGO-BECSIL_Mesa-de-trabajo-1-copia-2.png","contentUrl":"https:\/\/becsil.com\/wp-content\/uploads\/2023\/01\/LOGO-BECSIL_Mesa-de-trabajo-1-copia-2.png","width":827,"height":355,"caption":"BECSIL PHOTOGRAPHER"},"image":{"@id":"https:\/\/becsil.com\/#\/schema\/logo\/image\/"},"sameAs":["https:\/\/web.facebook.com\/becsilphotographer\/","https:\/\/www.instagram.com\/becsilphotographer\/"]}]}</script>
<!-- / Yoast SEO plugin. -->

Photo Session Singleº - BECSIL PHOTOGRAPHER

Photo Session Singleº

Fotografía y Publicidad
