{"id":3113,"date":"2023-08-11T23:55:41","date_gmt":"2023-08-11T23:55:41","guid":{"rendered":"https:\/\/becsil.com\/?post_type=product&#038;p=3113"},"modified":"2023-08-13T21:36:24","modified_gmt":"2023-08-13T21:36:24","slug":"photo-session-family","status":"publish","type":"product","link":"https:\/\/becsil.com\/es\/producto\/photo-session-family\/","title":{"rendered":"Sesi\u00f3n de fotos para familia"},"content":{"rendered":"<p>\"Hola, soy Carlos Becerra Silva, un apasionado fot\u00f3grafo profesional y especialista en publicidad. He tenido el privilegio de ense\u00f1ar fotograf\u00eda a m\u00e1s de 5000 estudiantes y capturar momentos especiales en bodas, eventos y sesiones publicitarias\".<\/p>\n\n\n\n<p>Atentamente<\/p>\n\n\n\n<p><strong>BECSIL <\/strong>\ud83d\ude09<\/p>","protected":false},"excerpt":{"rendered":"<p class=\"translation-block\">Sesi\u00f3n fotogr\u00e1fica de Familia  \nIncluye: 1 hora de foto sesi\u00f3n. \n14 a 21 fotografias con retoque digital b\u00e1sico. \n2 impresiones de 8 x 10 pulgadas \nTarifa de estudio desde $90* \nTiempo de entrega de las fotograf\u00edas digitales de 1 a 2 semanas*<\/p>","protected":false},"featured_media":2306,"comment_status":"open","ping_status":"closed","template":"","meta":{"site-sidebar-layout":"default","site-content-layout":"","ast-site-content-layout":"","site-content-style":"default","site-sidebar-style":"default","ast-global-header-display":"","ast-banner-title-visibility":"","ast-main-header-display":"","ast-hfb-above-header-display":"","ast-hfb-below-header-display":"","ast-hfb-mobile-header-display":"","site-post-title":"","ast-breadcrumbs-content":"","ast-featured-img":"","footer-sml-layout":"","theme-transparent-header-meta":"","adv-header-id-meta":"","stick-header-meta":"","header-above-stick-meta":"","header-main-stick-meta":"","header-below-stick-meta":"","astra-migrate-meta-layouts":"default","ast-page-background-enabled":"default","ast-page-background-meta":{"desktop":{"background-color":"var(--ast-global-color-4)","background-image":"","background-repeat":"repeat","background-position":"center center","background-size":"auto","background-attachment":"scroll","background-type":"","background-media":"","overlay-type":"","overlay-color":"","overlay-opacity":"","overlay-gradient":""},"tablet":{"background-color":"","background-image":"","background-repeat":"repeat","background-position":"center center","background-size":"auto","background-attachment":"scroll","background-type":"","background-media":"","overlay-type":"","overlay-color":"","overlay-opacity":"","overlay-gradient":""},"mobile":{"background-color":"","background-image":"","background-repeat":"repeat","background-position":"center center","background-size":"auto","background-attachment":"scroll","background-type":"","background-media":"","overlay-type":"","overlay-color":"","overlay-opacity":"","overlay-gradient":""}},"ast-content-background-meta":{"desktop":{"background-color":"var(--ast-global-color-5)","background-image":"","background-repeat":"repeat","background-position":"center center","background-size":"auto","background-attachment":"scroll","background-type":"","background-media":"","overlay-type":"","overlay-color":"","overlay-opacity":"","overlay-gradient":""},"tablet":{"background-color":"var(--ast-global-color-5)","background-image":"","background-repeat":"repeat","background-position":"center center","background-size":"auto","background-attachment":"scroll","background-type":"","background-media":"","overlay-type":"","overlay-color":"","overlay-opacity":"","overlay-gradient":""},"mobile":{"background-color":"var(--ast-global-color-5)","background-image":"","background-repeat":"repeat","background-position":"center center","background-size":"auto","background-attachment":"scroll","background-type":"","background-media":"","overlay-type":"","overlay-color":"","overlay-opacity":"","overlay-gradient":""}},"_joinchat":[]},"product_brand":[],"product_cat":[35],"product_tag":[],"class_list":{"0":"post-3113","1":"product","2":"type-product","3":"status-publish","4":"has-post-thumbnail","6":"product_cat-photography-services","7":"desktop-align-left","8":"tablet-align-left","9":"mobile-align-left","11":"first","12":"onbackorder","13":"sale","14":"shipping-taxable","15":"purchasable","16":"product-type-simple"},"yoast_head":"<!-- This site is optimized with the Yoast SEO plugin v27.4 - https:\/\/yoast.com\/product\/yoast-seo-wordpress\/ -->\n<title>Photo Session Family. - BECSIL PHOTOGRAPHER<\/title>\n<meta name=\"robots\" content=\"index, follow, max-snippet:-1, max-image-preview:large, max-video-preview:-1\" \/>\n<link rel=\"canonical\" href=\"https:\/\/becsil.com\/es\/producto\/photo-session-family\/\" \/>\n<meta property=\"og:locale\" content=\"es_ES\" \/>\n<meta property=\"og:type\" content=\"article\" \/>\n<meta property=\"og:title\" content=\"Photo Session Family. - BECSIL PHOTOGRAPHER\" \/>\n<meta property=\"og:description\" content=\"Family Includes: 1 hour photo session 14 to 21 retouched digital photos 2 prints 8\u00d710 inches Studio fee from $90* Photos Response time 1 to 2 weeks to complete*\" \/>\n<meta property=\"og:url\" content=\"https:\/\/becsil.com\/es\/producto\/photo-session-family\/\" \/>\n<meta property=\"og:site_name\" content=\"BECSIL PHOTOGRAPHER\" \/>\n<meta property=\"article:publisher\" content=\"https:\/\/web.facebook.com\/becsilphotographer\/\" \/>\n<meta property=\"article:modified_time\" content=\"2023-08-13T21:36:24+00:00\" \/>\n<meta property=\"og:image\" content=\"https:\/\/becsil.com\/wp-content\/uploads\/2023\/01\/Portrait-Family-Silvana_10-scaled.jpg\" \/>\n\t<meta property=\"og:image:width\" content=\"2560\" \/>\n\t<meta property=\"og:image:height\" content=\"1696\" \/>\n\t<meta property=\"og:image:type\" content=\"image\/jpeg\" \/>\n<meta name=\"twitter:card\" content=\"summary_large_image\" \/>\n<script type=\"application\/ld+json\" class=\"yoast-schema-graph\">{\"@context\":\"https:\\\/\\\/schema.org\",\"@graph\":[{\"@type\":\"WebPage\",\"@id\":\"https:\\\/\\\/becsil.com\\\/producto\\\/photo-session-family\\\/\",\"url\":\"https:\\\/\\\/becsil.com\\\/producto\\\/photo-session-family\\\/\",\"name\":\"Photo Session Family. - BECSIL PHOTOGRAPHER\",\"isPartOf\":{\"@id\":\"https:\\\/\\\/becsil.com\\\/#website\"},\"primaryImageOfPage\":{\"@id\":\"https:\\\/\\\/becsil.com\\\/producto\\\/photo-session-family\\\/#primaryimage\"},\"image\":{\"@id\":\"https:\\\/\\\/becsil.com\\\/producto\\\/photo-session-family\\\/#primaryimage\"},\"thumbnailUrl\":\"https:\\\/\\\/becsil.com\\\/wp-content\\\/uploads\\\/2023\\\/01\\\/Portrait-Family-Silvana_10-scaled.jpg\",\"datePublished\":\"2023-08-11T23:55:41+00:00\",\"dateModified\":\"2023-08-13T21:36:24+00:00\",\"breadcrumb\":{\"@id\":\"https:\\\/\\\/becsil.com\\\/producto\\\/photo-session-family\\\/#breadcrumb\"},\"inLanguage\":\"es\",\"potentialAction\":[{\"@type\":\"ReadAction\",\"target\":[\"https:\\\/\\\/becsil.com\\\/producto\\\/photo-session-family\\\/\"]}]},{\"@type\":\"ImageObject\",\"inLanguage\":\"es\",\"@id\":\"https:\\\/\\\/becsil.com\\\/producto\\\/photo-session-family\\\/#primaryimage\",\"url\":\"https:\\\/\\\/becsil.com\\\/wp-content\\\/uploads\\\/2023\\\/01\\\/Portrait-Family-Silvana_10-scaled.jpg\",\"contentUrl\":\"https:\\\/\\\/becsil.com\\\/wp-content\\\/uploads\\\/2023\\\/01\\\/Portrait-Family-Silvana_10-scaled.jpg\",\"width\":2560,\"height\":1696,\"caption\":\"Portrait family Silvana, Professional Photography in Raleigh\"},{\"@type\":\"BreadcrumbList\",\"@id\":\"https:\\\/\\\/becsil.com\\\/producto\\\/photo-session-family\\\/#breadcrumb\",\"itemListElement\":[{\"@type\":\"ListItem\",\"position\":1,\"name\":\"Portada\",\"item\":\"https:\\\/\\\/becsil.com\\\/\"},{\"@type\":\"ListItem\",\"position\":2,\"name\":\"Store\",\"item\":\"https:\\\/\\\/becsil.com\\\/store\\\/\"},{\"@type\":\"ListItem\",\"position\":3,\"name\":\"Photo Session Family.\"}]},{\"@type\":\"WebSite\",\"@id\":\"https:\\\/\\\/becsil.com\\\/#website\",\"url\":\"https:\\\/\\\/becsil.com\\\/\",\"name\":\"BECSIL PHOTOGRAPHER\",\"description\":\"Photography and Advertising\",\"publisher\":{\"@id\":\"https:\\\/\\\/becsil.com\\\/#organization\"},\"potentialAction\":[{\"@type\":\"SearchAction\",\"target\":{\"@type\":\"EntryPoint\",\"urlTemplate\":\"https:\\\/\\\/becsil.com\\\/?s={search_term_string}\"},\"query-input\":{\"@type\":\"PropertyValueSpecification\",\"valueRequired\":true,\"valueName\":\"search_term_string\"}}],\"inLanguage\":\"es\"},{\"@type\":\"Organization\",\"@id\":\"https:\\\/\\\/becsil.com\\\/#organization\",\"name\":\"BECSIL PHOTOGRAPHER\",\"url\":\"https:\\\/\\\/becsil.com\\\/\",\"logo\":{\"@type\":\"ImageObject\",\"inLanguage\":\"es\",\"@id\":\"https:\\\/\\\/becsil.com\\\/#\\\/schema\\\/logo\\\/image\\\/\",\"url\":\"https:\\\/\\\/becsil.com\\\/wp-content\\\/uploads\\\/2023\\\/01\\\/LOGO-BECSIL_Mesa-de-trabajo-1-copia-2.png\",\"contentUrl\":\"https:\\\/\\\/becsil.com\\\/wp-content\\\/uploads\\\/2023\\\/01\\\/LOGO-BECSIL_Mesa-de-trabajo-1-copia-2.png\",\"width\":827,\"height\":355,\"caption\":\"BECSIL PHOTOGRAPHER\"},\"image\":{\"@id\":\"https:\\\/\\\/becsil.com\\\/#\\\/schema\\\/logo\\\/image\\\/\"},\"sameAs\":[\"https:\\\/\\\/web.facebook.com\\\/becsilphotographer\\\/\",\"https:\\\/\\\/www.instagram.com\\\/becsilphotographer\\\/\"]}]}<\/script>\n<!-- \/ Yoast SEO plugin. -->","yoast_head_json":{"title":"Photo Session Family. - BECSIL PHOTOGRAPHER","robots":{"index":"index","follow":"follow","max-snippet":"max-snippet:-1","max-image-preview":"max-image-preview:large","max-video-preview":"max-video-preview:-1"},"canonical":"https:\/\/becsil.com\/es\/producto\/photo-session-family\/","og_locale":"es_ES","og_type":"article","og_title":"Photo Session Family. - BECSIL PHOTOGRAPHER","og_description":"Family Includes: 1 hour photo session 14 to 21 retouched digital photos 2 prints 8\u00d710 inches Studio fee from $90* Photos Response time 1 to 2 weeks to complete*","og_url":"https:\/\/becsil.com\/es\/producto\/photo-session-family\/","og_site_name":"BECSIL PHOTOGRAPHER","article_publisher":"https:\/\/web.facebook.com\/becsilphotographer\/","article_modified_time":"2023-08-13T21:36:24+00:00","og_image":[{"width":2560,"height":1696,"url":"https:\/\/becsil.com\/wp-content\/uploads\/2023\/01\/Portrait-Family-Silvana_10-scaled.jpg","type":"image\/jpeg"}],"twitter_card":"summary_large_image","schema":{"@context":"https:\/\/schema.org","@graph":[{"@type":"WebPage","@id":"https:\/\/becsil.com\/producto\/photo-session-family\/","url":"https:\/\/becsil.com\/producto\/photo-session-family\/","name":"Photo Session Family. - BECSIL PHOTOGRAPHER","isPartOf":{"@id":"https:\/\/becsil.com\/#website"},"primaryImageOfPage":{"@id":"https:\/\/becsil.com\/producto\/photo-session-family\/#primaryimage"},"image":{"@id":"https:\/\/becsil.com\/producto\/photo-session-family\/#primaryimage"},"thumbnailUrl":"https:\/\/becsil.com\/wp-content\/uploads\/2023\/01\/Portrait-Family-Silvana_10-scaled.jpg","datePublished":"2023-08-11T23:55:41+00:00","dateModified":"2023-08-13T21:36:24+00:00","breadcrumb":{"@id":"https:\/\/becsil.com\/producto\/photo-session-family\/#breadcrumb"},"inLanguage":"es","potentialAction":[{"@type":"ReadAction","target":["https:\/\/becsil.com\/producto\/photo-session-family\/"]}]},{"@type":"ImageObject","inLanguage":"es","@id":"https:\/\/becsil.com\/producto\/photo-session-family\/#primaryimage","url":"https:\/\/becsil.com\/wp-content\/uploads\/2023\/01\/Portrait-Family-Silvana_10-scaled.jpg","contentUrl":"https:\/\/becsil.com\/wp-content\/uploads\/2023\/01\/Portrait-Family-Silvana_10-scaled.jpg","width":2560,"height":1696,"caption":"Portrait family Silvana, Professional Photography in Raleigh"},{"@type":"BreadcrumbList","@id":"https:\/\/becsil.com\/producto\/photo-session-family\/#breadcrumb","itemListElement":[{"@type":"ListItem","position":1,"name":"Portada","item":"https:\/\/becsil.com\/"},{"@type":"ListItem","position":2,"name":"Store","item":"https:\/\/becsil.com\/store\/"},{"@type":"ListItem","position":3,"name":"Photo Session Family."}]},{"@type":"WebSite","@id":"https:\/\/becsil.com\/#website","url":"https:\/\/becsil.com\/","name":"BECSIL PHOTOGRAPHER","description":"Fotograf\u00eda y Publicidad","publisher":{"@id":"https:\/\/becsil.com\/#organization"},"potentialAction":[{"@type":"SearchAction","target":{"@type":"EntryPoint","urlTemplate":"https:\/\/becsil.com\/?s={search_term_string}"},"query-input":{"@type":"PropertyValueSpecification","valueRequired":true,"valueName":"search_term_string"}}],"inLanguage":"es"},{"@type":"Organization","@id":"https:\/\/becsil.com\/#organization","name":"BECSIL PHOTOGRAPHER","url":"https:\/\/becsil.com\/","logo":{"@type":"ImageObject","inLanguage":"es","@id":"https:\/\/becsil.com\/#\/schema\/logo\/image\/","url":"https:\/\/becsil.com\/wp-content\/uploads\/2023\/01\/LOGO-BECSIL_Mesa-de-trabajo-1-copia-2.png","contentUrl":"https:\/\/becsil.com\/wp-content\/uploads\/2023\/01\/LOGO-BECSIL_Mesa-de-trabajo-1-copia-2.png","width":827,"height":355,"caption":"BECSIL PHOTOGRAPHER"},"image":{"@id":"https:\/\/becsil.com\/#\/schema\/logo\/image\/"},"sameAs":["https:\/\/web.facebook.com\/becsilphotographer\/","https:\/\/www.instagram.com\/becsilphotographer\/"]}]}},"_links":{"self":[{"href":"https:\/\/becsil.com\/es\/wp-json\/wp\/v2\/product\/3113","targetHints":{"allow":["GET"]}}],"collection":[{"href":"https:\/\/becsil.com\/es\/wp-json\/wp\/v2\/product"}],"about":[{"href":"https:\/\/becsil.com\/es\/wp-json\/wp\/v2\/types\/product"}],"replies":[{"embeddable":true,"href":"https:\/\/becsil.com\/es\/wp-json\/wp\/v2\/comments?post=3113"}],"wp:featuredmedia":[{"embeddable":true,"href":"https:\/\/becsil.com\/es\/wp-json\/wp\/v2\/media\/2306"}],"wp:attachment":[{"href":"https:\/\/becsil.com\/es\/wp-json\/wp\/v2\/media?parent=3113"}],"wp:term":[{"taxonomy":"product_brand","embeddable":true,"href":"https:\/\/becsil.com\/es\/wp-json\/wp\/v2\/product_brand?post=3113"},{"taxonomy":"product_cat","embeddable":true,"href":"https:\/\/becsil.com\/es\/wp-json\/wp\/v2\/product_cat?post=3113"},{"taxonomy":"product_tag","embeddable":true,"href":"https:\/\/becsil.com\/es\/wp-json\/wp\/v2\/product_tag?post=3113"}],"curies":[{"name":"wp","href":"https:\/\/api.w.org\/{rel}","templated":true}]}}

Sesión de fotos para familia

<p>"Hola, soy Carlos Becerra Silva, un apasionado fotógrafo profesional y especialista en publicidad. He tenido el privilegio de enseñar fotografía a más de 5000 estudiantes y capturar momentos especiales en bodas, eventos y sesiones publicitarias".</p>



<p>Atentamente</p>



<p><strong>BECSIL </strong>😉</p>

<p class="translation-block">Sesión fotográfica de Familia  
Incluye: 1 hora de foto sesión. 
14 a 21 fotografias con retoque digital básico. 
2 impresiones de 8 x 10 pulgadas 
Tarifa de estudio desde $90* 
Tiempo de entrega de las fotografías digitales de 1 a 2 semanas*</p>

Fotografía y Publicidad
